{"id":19,"date":"2024-03-03T15:38:39","date_gmt":"2024-03-03T15:38:39","guid":{"rendered":"http:\/\/www.jeruzalempuklavec.si\/?page_id=19"},"modified":"2024-03-03T19:59:13","modified_gmt":"2024-03-03T19:59:13","slug":"test","status":"publish","type":"page","link":"http:\/\/www.jeruzalempuklavec.si\/index.php\/test\/","title":{"rendered":"Preno\u010di\u0161\u010da"},"content":{"rendered":"\n<figure class=\"wp-block-image aligncenter size-full is-resized\"><img loading=\"lazy\" decoding=\"async\" width=\"262\" height=\"259\" src=\"http:\/\/www.jeruzalempuklavec.si\/wp-content\/uploads\/2024\/03\/path3-2.png\" alt=\"\" class=\"wp-image-163\" style=\"width:60px;height:auto\"\/><figcaption class=\"wp-element-caption\"><mark style=\"background-color:rgba(0, 0, 0, 0)\" class=\"has-inline-color has-white-color\">Kategorija \u0161tirih jabolk<\/mark><\/figcaption><\/figure>\n\n\n\n<figure class=\"wp-block-table is-style-regular\"><table><tbody><tr><td class=\"has-text-align-left\" data-align=\"left\">STORITEV<\/td><td>Cena v EUR<\/td><\/tr><tr><td class=\"has-text-align-left\" data-align=\"left\">No\u010ditev z zajtrkom na osebo (od 01. 01. do 30. 04.)<\/td><td>od 55,00<\/td><\/tr><tr><td class=\"has-text-align-left\" data-align=\"left\">No\u010ditev z zajtrkom na osebo (od 01. 05. do 31. 10.)<\/td><td>od 60,00<\/td><\/tr><tr><td class=\"has-text-align-left\" data-align=\"left\">Polpenzion na osebo (od 01. 01. do 30. 04.)<\/td><td>od 73,00<\/td><\/tr><tr><td class=\"has-text-align-left\" data-align=\"left\">Polpenzion na osebo (od 01. 05. do 31. 10.)<\/td><td>od 78,00<\/td><\/tr><tr><td class=\"has-text-align-left\" data-align=\"left\">Turisti\u010dna in promocijska taksa<\/td><td>1.5<\/td><\/tr><tr><td class=\"has-text-align-left\" data-align=\"left\">Otrok do 5. leta starosti<\/td><td>GRATIS<\/td><\/tr><tr><td class=\"has-text-align-left\" data-align=\"left\">Otrok do 10. leta starosti<\/td><td>50% popust<\/td><\/tr><\/tbody><\/table><figcaption class=\"wp-element-caption\">*Cene vklju\u010dujejo predpisani DDV, **Kategorija obrata velja 5 let, ***Cenik velja od 01. 01. 2024<\/figcaption><\/figure>\n\n\n\n<div class=\"wp-block-columns is-layout-flex wp-container-core-columns-layout-1 wp-block-columns-is-layout-flex\">\n<div class=\"wp-block-column is-layout-flow wp-block-column-is-layout-flow\">\n<p class=\"has-text-align-center\"><\/p>\n<\/div>\n<\/div>\n","protected":false},"excerpt":{"rendered":"<p>STORITEV Cena v EUR No\u010ditev z zajtrkom na osebo (od 01. 01. do 30. 04.) od 55,00 No\u010ditev z zajtrkom na osebo (od 01. 05. do 31. 10.) od 60,00 Polpenzion na osebo (od 01. 01. do 30. 04.) od 73,00 Polpenzion na osebo (od 01. 05. do 31. 10.) od 78,00 Turisti\u010dna in promocijska &hellip; <\/p>\n<p class=\"link-more\"><a href=\"http:\/\/www.jeruzalempuklavec.si\/index.php\/test\/\" class=\"more-link\">Read more<span class=\"screen-reader-text\"> &#8220;Preno\u010di\u0161\u010da&#8221;<\/span><\/a><\/p>\n","protected":false},"author":1,"featured_media":99,"parent":0,"menu_order":0,"comment_status":"closed","ping_status":"closed","template":"","meta":{"footnotes":"","inspiro_hide_title":false},"yoast_head":"<!-- This site is optimized with the Yoast SEO plugin v23.5 - https:\/\/yoast.com\/wordpress\/plugins\/seo\/ -->\n<title>Preno\u010di\u0161\u010da - Turisti\u010dna kmetija Puklavec<\/title>\n<meta name=\"robots\" content=\"index, follow, max-snippet:-1, max-image-preview:large, max-video-preview:-1\" \/>\n<link rel=\"canonical\" href=\"http:\/\/www.jeruzalempuklavec.si\/index.php\/test\/\" \/>\n<meta property=\"og:locale\" content=\"sl_SI\" \/>\n<meta property=\"og:type\" content=\"article\" \/>\n<meta property=\"og:title\" content=\"Preno\u010di\u0161\u010da - Turisti\u010dna kmetija Puklavec\" \/>\n<meta property=\"og:description\" content=\"STORITEV Cena v EUR No\u010ditev z zajtrkom na osebo (od 01. 01. do 30. 04.) od 55,00 No\u010ditev z zajtrkom na osebo (od 01. 05. do 31. 10.) od 60,00 Polpenzion na osebo (od 01. 01. do 30. 04.) od 73,00 Polpenzion na osebo (od 01. 05. do 31. 10.) od 78,00 Turisti\u010dna in promocijska &hellip; Read more &quot;Preno\u010di\u0161\u010da&quot;\" \/>\n<meta property=\"og:url\" content=\"http:\/\/www.jeruzalempuklavec.si\/index.php\/test\/\" \/>\n<meta property=\"og:site_name\" content=\"Turisti\u010dna kmetija Puklavec\" \/>\n<meta property=\"article:publisher\" content=\"https:\/\/www.facebook.com\/turisticnakmetija.puklavec\/?locale=sl_SI\" \/>\n<meta property=\"article:modified_time\" content=\"2024-03-03T19:59:13+00:00\" \/>\n<meta property=\"og:image\" content=\"http:\/\/www.jeruzalempuklavec.si\/wp-content\/uploads\/2024\/03\/cropped-428443813_383919997605764_1329539646733222429_n.jpg\" \/>\n\t<meta property=\"og:image:width\" content=\"2000\" \/>\n\t<meta property=\"og:image:height\" content=\"1199\" \/>\n\t<meta property=\"og:image:type\" content=\"image\/jpeg\" \/>\n<meta name=\"twitter:card\" content=\"summary_large_image\" \/>\n<script type=\"application\/ld+json\" class=\"yoast-schema-graph\">{\"@context\":\"https:\/\/schema.org\",\"@graph\":[{\"@type\":\"WebPage\",\"@id\":\"http:\/\/www.jeruzalempuklavec.si\/index.php\/test\/\",\"url\":\"http:\/\/www.jeruzalempuklavec.si\/index.php\/test\/\",\"name\":\"Preno\u010di\u0161\u010da - Turisti\u010dna kmetija Puklavec\",\"isPartOf\":{\"@id\":\"https:\/\/www.jeruzalempuklavec.si\/#website\"},\"primaryImageOfPage\":{\"@id\":\"http:\/\/www.jeruzalempuklavec.si\/index.php\/test\/#primaryimage\"},\"image\":{\"@id\":\"http:\/\/www.jeruzalempuklavec.si\/index.php\/test\/#primaryimage\"},\"thumbnailUrl\":\"http:\/\/www.jeruzalempuklavec.si\/wp-content\/uploads\/2024\/03\/cropped-428443813_383919997605764_1329539646733222429_n.jpg\",\"datePublished\":\"2024-03-03T15:38:39+00:00\",\"dateModified\":\"2024-03-03T19:59:13+00:00\",\"breadcrumb\":{\"@id\":\"http:\/\/www.jeruzalempuklavec.si\/index.php\/test\/#breadcrumb\"},\"inLanguage\":\"sl-SI\",\"potentialAction\":[{\"@type\":\"ReadAction\",\"target\":[\"http:\/\/www.jeruzalempuklavec.si\/index.php\/test\/\"]}]},{\"@type\":\"ImageObject\",\"inLanguage\":\"sl-SI\",\"@id\":\"http:\/\/www.jeruzalempuklavec.si\/index.php\/test\/#primaryimage\",\"url\":\"http:\/\/www.jeruzalempuklavec.si\/wp-content\/uploads\/2024\/03\/cropped-428443813_383919997605764_1329539646733222429_n.jpg\",\"contentUrl\":\"http:\/\/www.jeruzalempuklavec.si\/wp-content\/uploads\/2024\/03\/cropped-428443813_383919997605764_1329539646733222429_n.jpg\",\"width\":2000,\"height\":1199},{\"@type\":\"BreadcrumbList\",\"@id\":\"http:\/\/www.jeruzalempuklavec.si\/index.php\/test\/#breadcrumb\",\"itemListElement\":[{\"@type\":\"ListItem\",\"position\":1,\"name\":\"Home\",\"item\":\"https:\/\/www.jeruzalempuklavec.si\/\"},{\"@type\":\"ListItem\",\"position\":2,\"name\":\"Preno\u010di\u0161\u010da\"}]},{\"@type\":\"WebSite\",\"@id\":\"https:\/\/www.jeruzalempuklavec.si\/#website\",\"url\":\"https:\/\/www.jeruzalempuklavec.si\/\",\"name\":\"Turisti\u010dna kmetija Puklavec\",\"description\":\"Vina, preno\u010di&scaron;\u010da, oddih, kulinarika\",\"publisher\":{\"@id\":\"https:\/\/www.jeruzalempuklavec.si\/#organization\"},\"potentialAction\":[{\"@type\":\"SearchAction\",\"target\":{\"@type\":\"EntryPoint\",\"urlTemplate\":\"https:\/\/www.jeruzalempuklavec.si\/?s={search_term_string}\"},\"query-input\":{\"@type\":\"PropertyValueSpecification\",\"valueRequired\":true,\"valueName\":\"search_term_string\"}}],\"inLanguage\":\"sl-SI\"},{\"@type\":\"Organization\",\"@id\":\"https:\/\/www.jeruzalempuklavec.si\/#organization\",\"name\":\"Turisti\u010dna kmetija Puklavec\",\"url\":\"https:\/\/www.jeruzalempuklavec.si\/\",\"logo\":{\"@type\":\"ImageObject\",\"inLanguage\":\"sl-SI\",\"@id\":\"https:\/\/www.jeruzalempuklavec.si\/#\/schema\/logo\/image\/\",\"url\":\"http:\/\/www.jeruzalempuklavec.si\/wp-content\/uploads\/2023\/05\/puklavec.png\",\"contentUrl\":\"http:\/\/www.jeruzalempuklavec.si\/wp-content\/uploads\/2023\/05\/puklavec.png\",\"width\":1722,\"height\":862,\"caption\":\"Turisti\u010dna kmetija Puklavec\"},\"image\":{\"@id\":\"https:\/\/www.jeruzalempuklavec.si\/#\/schema\/logo\/image\/\"},\"sameAs\":[\"https:\/\/www.facebook.com\/turisticnakmetija.puklavec\/?locale=sl_SI\"]}]}<\/script>\n<!-- \/ Yoast SEO plugin. -->","yoast_head_json":{"title":"Preno\u010di\u0161\u010da - Turisti\u010dna kmetija Puklavec","robots":{"index":"index","follow":"follow","max-snippet":"max-snippet:-1","max-image-preview":"max-image-preview:large","max-video-preview":"max-video-preview:-1"},"canonical":"http:\/\/www.jeruzalempuklavec.si\/index.php\/test\/","og_locale":"sl_SI","og_type":"article","og_title":"Preno\u010di\u0161\u010da - Turisti\u010dna kmetija Puklavec","og_description":"STORITEV Cena v EUR No\u010ditev z zajtrkom na osebo (od 01. 01. do 30. 04.) od 55,00 No\u010ditev z zajtrkom na osebo (od 01. 05. do 31. 10.) od 60,00 Polpenzion na osebo (od 01. 01. do 30. 04.) od 73,00 Polpenzion na osebo (od 01. 05. do 31. 10.) od 78,00 Turisti\u010dna in promocijska &hellip; Read more \"Preno\u010di\u0161\u010da\"","og_url":"http:\/\/www.jeruzalempuklavec.si\/index.php\/test\/","og_site_name":"Turisti\u010dna kmetija Puklavec","article_publisher":"https:\/\/www.facebook.com\/turisticnakmetija.puklavec\/?locale=sl_SI","article_modified_time":"2024-03-03T19:59:13+00:00","og_image":[{"width":2000,"height":1199,"url":"http:\/\/www.jeruzalempuklavec.si\/wp-content\/uploads\/2024\/03\/cropped-428443813_383919997605764_1329539646733222429_n.jpg","type":"image\/jpeg"}],"twitter_card":"summary_large_image","schema":{"@context":"https:\/\/schema.org","@graph":[{"@type":"WebPage","@id":"http:\/\/www.jeruzalempuklavec.si\/index.php\/test\/","url":"http:\/\/www.jeruzalempuklavec.si\/index.php\/test\/","name":"Preno\u010di\u0161\u010da - Turisti\u010dna kmetija Puklavec","isPartOf":{"@id":"https:\/\/www.jeruzalempuklavec.si\/#website"},"primaryImageOfPage":{"@id":"http:\/\/www.jeruzalempuklavec.si\/index.php\/test\/#primaryimage"},"image":{"@id":"http:\/\/www.jeruzalempuklavec.si\/index.php\/test\/#primaryimage"},"thumbnailUrl":"http:\/\/www.jeruzalempuklavec.si\/wp-content\/uploads\/2024\/03\/cropped-428443813_383919997605764_1329539646733222429_n.jpg","datePublished":"2024-03-03T15:38:39+00:00","dateModified":"2024-03-03T19:59:13+00:00","breadcrumb":{"@id":"http:\/\/www.jeruzalempuklavec.si\/index.php\/test\/#breadcrumb"},"inLanguage":"sl-SI","potentialAction":[{"@type":"ReadAction","target":["http:\/\/www.jeruzalempuklavec.si\/index.php\/test\/"]}]},{"@type":"ImageObject","inLanguage":"sl-SI","@id":"http:\/\/www.jeruzalempuklavec.si\/index.php\/test\/#primaryimage","url":"http:\/\/www.jeruzalempuklavec.si\/wp-content\/uploads\/2024\/03\/cropped-428443813_383919997605764_1329539646733222429_n.jpg","contentUrl":"http:\/\/www.jeruzalempuklavec.si\/wp-content\/uploads\/2024\/03\/cropped-428443813_383919997605764_1329539646733222429_n.jpg","width":2000,"height":1199},{"@type":"BreadcrumbList","@id":"http:\/\/www.jeruzalempuklavec.si\/index.php\/test\/#breadcrumb","itemListElement":[{"@type":"ListItem","position":1,"name":"Home","item":"https:\/\/www.jeruzalempuklavec.si\/"},{"@type":"ListItem","position":2,"name":"Preno\u010di\u0161\u010da"}]},{"@type":"WebSite","@id":"https:\/\/www.jeruzalempuklavec.si\/#website","url":"https:\/\/www.jeruzalempuklavec.si\/","name":"Turisti\u010dna kmetija Puklavec","description":"Vina, preno\u010di&scaron;\u010da, oddih, kulinarika","publisher":{"@id":"https:\/\/www.jeruzalempuklavec.si\/#organization"},"potentialAction":[{"@type":"SearchAction","target":{"@type":"EntryPoint","urlTemplate":"https:\/\/www.jeruzalempuklavec.si\/?s={search_term_string}"},"query-input":{"@type":"PropertyValueSpecification","valueRequired":true,"valueName":"search_term_string"}}],"inLanguage":"sl-SI"},{"@type":"Organization","@id":"https:\/\/www.jeruzalempuklavec.si\/#organization","name":"Turisti\u010dna kmetija Puklavec","url":"https:\/\/www.jeruzalempuklavec.si\/","logo":{"@type":"ImageObject","inLanguage":"sl-SI","@id":"https:\/\/www.jeruzalempuklavec.si\/#\/schema\/logo\/image\/","url":"http:\/\/www.jeruzalempuklavec.si\/wp-content\/uploads\/2023\/05\/puklavec.png","contentUrl":"http:\/\/www.jeruzalempuklavec.si\/wp-content\/uploads\/2023\/05\/puklavec.png","width":1722,"height":862,"caption":"Turisti\u010dna kmetija Puklavec"},"image":{"@id":"https:\/\/www.jeruzalempuklavec.si\/#\/schema\/logo\/image\/"},"sameAs":["https:\/\/www.facebook.com\/turisticnakmetija.puklavec\/?locale=sl_SI"]}]}},"featured_media_urls":{"thumbnail":["http:\/\/www.jeruzalempuklavec.si\/wp-content\/uploads\/2024\/03\/cropped-428443813_383919997605764_1329539646733222429_n-150x150.jpg",150,150,true],"medium":["http:\/\/www.jeruzalempuklavec.si\/wp-content\/uploads\/2024\/03\/cropped-428443813_383919997605764_1329539646733222429_n-300x180.jpg",300,180,true],"medium_large":["http:\/\/www.jeruzalempuklavec.si\/wp-content\/uploads\/2024\/03\/cropped-428443813_383919997605764_1329539646733222429_n.jpg",768,460,false],"large":["http:\/\/www.jeruzalempuklavec.si\/wp-content\/uploads\/2024\/03\/cropped-428443813_383919997605764_1329539646733222429_n-1024x614.jpg",950,570,true],"1536x1536":["http:\/\/www.jeruzalempuklavec.si\/wp-content\/uploads\/2024\/03\/cropped-428443813_383919997605764_1329539646733222429_n-1536x921.jpg",1536,921,true],"2048x2048":["http:\/\/www.jeruzalempuklavec.si\/wp-content\/uploads\/2024\/03\/cropped-428443813_383919997605764_1329539646733222429_n.jpg",2000,1199,false],"inspiro-featured-image":["http:\/\/www.jeruzalempuklavec.si\/wp-content\/uploads\/2024\/03\/cropped-428443813_383919997605764_1329539646733222429_n.jpg",2000,1199,false],"inspiro-loop":["http:\/\/www.jeruzalempuklavec.si\/wp-content\/uploads\/2024\/03\/cropped-428443813_383919997605764_1329539646733222429_n-950x320.jpg",950,320,true],"inspiro-loop@2x":["http:\/\/www.jeruzalempuklavec.si\/wp-content\/uploads\/2024\/03\/cropped-428443813_383919997605764_1329539646733222429_n-1900x640.jpg",1900,640,true],"portfolio_item-thumbnail":["http:\/\/www.jeruzalempuklavec.si\/wp-content\/uploads\/2024\/03\/cropped-428443813_383919997605764_1329539646733222429_n-600x400.jpg",600,400,true],"portfolio_item-thumbnail@2x":["http:\/\/www.jeruzalempuklavec.si\/wp-content\/uploads\/2024\/03\/cropped-428443813_383919997605764_1329539646733222429_n-1200x800.jpg",1200,800,true],"portfolio_item-masonry":["http:\/\/www.jeruzalempuklavec.si\/wp-content\/uploads\/2024\/03\/cropped-428443813_383919997605764_1329539646733222429_n-600x360.jpg",600,360,true],"portfolio_item-masonry@2x":["http:\/\/www.jeruzalempuklavec.si\/wp-content\/uploads\/2024\/03\/cropped-428443813_383919997605764_1329539646733222429_n-1200x719.jpg",1200,719,true],"portfolio_item-thumbnail_cinema":["http:\/\/www.jeruzalempuklavec.si\/wp-content\/uploads\/2024\/03\/cropped-428443813_383919997605764_1329539646733222429_n-800x335.jpg",800,335,true],"portfolio_item-thumbnail_portrait":["http:\/\/www.jeruzalempuklavec.si\/wp-content\/uploads\/2024\/03\/cropped-428443813_383919997605764_1329539646733222429_n-600x900.jpg",600,900,true],"portfolio_item-thumbnail_portrait@2x":["http:\/\/www.jeruzalempuklavec.si\/wp-content\/uploads\/2024\/03\/cropped-428443813_383919997605764_1329539646733222429_n-1200x1199.jpg",1200,1199,true],"portfolio_item-thumbnail_square":["http:\/\/www.jeruzalempuklavec.si\/wp-content\/uploads\/2024\/03\/cropped-428443813_383919997605764_1329539646733222429_n-800x800.jpg",800,800,true]},"_links":{"self":[{"href":"http:\/\/www.jeruzalempuklavec.si\/index.php\/wp-json\/wp\/v2\/pages\/19"}],"collection":[{"href":"http:\/\/www.jeruzalempuklavec.si\/index.php\/wp-json\/wp\/v2\/pages"}],"about":[{"href":"http:\/\/www.jeruzalempuklavec.si\/index.php\/wp-json\/wp\/v2\/types\/page"}],"author":[{"embeddable":true,"href":"http:\/\/www.jeruzalempuklavec.si\/index.php\/wp-json\/wp\/v2\/users\/1"}],"replies":[{"embeddable":true,"href":"http:\/\/www.jeruzalempuklavec.si\/index.php\/wp-json\/wp\/v2\/comments?post=19"}],"version-history":[{"count":27,"href":"http:\/\/www.jeruzalempuklavec.si\/index.php\/wp-json\/wp\/v2\/pages\/19\/revisions"}],"predecessor-version":[{"id":186,"href":"http:\/\/www.jeruzalempuklavec.si\/index.php\/wp-json\/wp\/v2\/pages\/19\/revisions\/186"}],"wp:featuredmedia":[{"embeddable":true,"href":"http:\/\/www.jeruzalempuklavec.si\/index.php\/wp-json\/wp\/v2\/media\/99"}],"wp:attachment":[{"href":"http:\/\/www.jeruzalempuklavec.si\/index.php\/wp-json\/wp\/v2\/media?parent=19"}],"curies":[{"name":"wp","href":"https:\/\/api.w.org\/{rel}","templated":true}]}}