{"id":144,"date":"2024-03-03T18:41:35","date_gmt":"2024-03-03T18:41:35","guid":{"rendered":"http:\/\/www.jeruzalempuklavec.si\/?page_id=144"},"modified":"2024-03-03T20:52:13","modified_gmt":"2024-03-03T20:52:13","slug":"domov","status":"publish","type":"page","link":"http:\/\/www.jeruzalempuklavec.si\/","title":{"rendered":"Zasavci"},"content":{"rendered":"\n<p>Majhna vas na obrobju Slovenije, kjer pridelujemo ena najbolj\u0161ih belih vin in vas ob njih tudi razvajamo. Le kdo ne pozna vasice po imenu Jeruzalem, od koder prihajajo znana vina jeruzalemsko ormo\u0161kih goric? Tam so na\u0161i predniki zasadili trte, ki jih na\u0161a dru\u017eina danes z ljubeznijo neguje, ob tem pa vas razvaja tudi s \u0161tirimi jabolkami. \u010ce i\u0161\u010dete oddih na vzhodnem robu na\u0161e Slovenije, ste na pravi strani. Dobrodo\u0161li k nam, od koder vam pogled se\u017ee dlje.<\/p>\n\n\n\n<p>Turisti\u010dna kmetija Puklavec<\/p>\n\n\n\n<figure class=\"wp-block-image aligncenter size-large is-resized\"><img loading=\"lazy\" decoding=\"async\" width=\"1024\" height=\"671\" src=\"http:\/\/www.jeruzalempuklavec.si\/wp-content\/uploads\/2024\/03\/path1-1024x671.png\" alt=\"\" class=\"wp-image-155\" style=\"width:467px;height:auto\" srcset=\"http:\/\/www.jeruzalempuklavec.si\/wp-content\/uploads\/2024\/03\/path1-1024x671.png 1024w, http:\/\/www.jeruzalempuklavec.si\/wp-content\/uploads\/2024\/03\/path1-300x197.png 300w, http:\/\/www.jeruzalempuklavec.si\/wp-content\/uploads\/2024\/03\/path1.png 1117w\" sizes=\"(max-width: 1024px) 100vw, 1024px\" \/><\/figure>\n\n\n\n<p>Nekaj na\u0161ih utrinkov:<\/p>\n\n\n\n<div class=\"wp-block-cover\"><span aria-hidden=\"true\" class=\"wp-block-cover__background has-background-dim\"><\/span><div class=\"wp-block-cover__inner-container is-layout-flow wp-block-cover-is-layout-flow\">\n<div class=\"wp-block-group has-global-padding is-layout-constrained wp-block-group-is-layout-constrained\">\n<div class=\"wp-block-columns is-layout-flex wp-container-core-columns-layout-1 wp-block-columns-is-layout-flex\">\n<div class=\"wp-block-column is-layout-flow wp-block-column-is-layout-flow\" style=\"flex-basis:100%\">\n<figure class=\"wp-block-gallery has-nested-images columns-default is-cropped wp-block-gallery-1 is-layout-flex wp-block-gallery-is-layout-flex\">\n<figure class=\"wp-block-image size-large\"><img loading=\"lazy\" decoding=\"async\" width=\"720\" height=\"377\" src=\"http:\/\/www.jeruzalempuklavec.si\/wp-content\/uploads\/2024\/03\/428206290_1384815229064794_3031536900798142669_n.jpg\" alt=\"\" class=\"wp-image-213\" srcset=\"http:\/\/www.jeruzalempuklavec.si\/wp-content\/uploads\/2024\/03\/428206290_1384815229064794_3031536900798142669_n.jpg 720w, http:\/\/www.jeruzalempuklavec.si\/wp-content\/uploads\/2024\/03\/428206290_1384815229064794_3031536900798142669_n-300x157.jpg 300w\" sizes=\"(max-width: 720px) 100vw, 720px\" \/><\/figure>\n\n\n\n<figure class=\"wp-block-image size-large\"><img loading=\"lazy\" decoding=\"async\" width=\"1024\" height=\"1024\" src=\"http:\/\/www.jeruzalempuklavec.si\/wp-content\/uploads\/2024\/03\/428350934_362520583262809_2406676288472093656_n-1-1024x1024.jpg\" alt=\"\" class=\"wp-image-218\" srcset=\"http:\/\/www.jeruzalempuklavec.si\/wp-content\/uploads\/2024\/03\/428350934_362520583262809_2406676288472093656_n-1-1024x1024.jpg 1024w, http:\/\/www.jeruzalempuklavec.si\/wp-content\/uploads\/2024\/03\/428350934_362520583262809_2406676288472093656_n-1-300x300.jpg 300w, http:\/\/www.jeruzalempuklavec.si\/wp-content\/uploads\/2024\/03\/428350934_362520583262809_2406676288472093656_n-1-150x150.jpg 150w, http:\/\/www.jeruzalempuklavec.si\/wp-content\/uploads\/2024\/03\/428350934_362520583262809_2406676288472093656_n-1-2000x2000.jpg 2000w, http:\/\/www.jeruzalempuklavec.si\/wp-content\/uploads\/2024\/03\/428350934_362520583262809_2406676288472093656_n-1.jpg 2048w\" sizes=\"(max-width: 1024px) 100vw, 1024px\" \/><\/figure>\n\n\n\n<figure class=\"wp-block-image size-large\"><img loading=\"lazy\" decoding=\"async\" width=\"1024\" height=\"576\" src=\"http:\/\/www.jeruzalempuklavec.si\/wp-content\/uploads\/2024\/03\/428321601_1596321927805798_4523124469602801518_n-1024x576.jpg\" alt=\"\" class=\"wp-image-209\" srcset=\"http:\/\/www.jeruzalempuklavec.si\/wp-content\/uploads\/2024\/03\/428321601_1596321927805798_4523124469602801518_n-1024x576.jpg 1024w, http:\/\/www.jeruzalempuklavec.si\/wp-content\/uploads\/2024\/03\/428321601_1596321927805798_4523124469602801518_n-300x169.jpg 300w, http:\/\/www.jeruzalempuklavec.si\/wp-content\/uploads\/2024\/03\/428321601_1596321927805798_4523124469602801518_n.jpg 2000w\" sizes=\"(max-width: 1024px) 100vw, 1024px\" \/><\/figure>\n\n\n\n<figure class=\"wp-block-image size-large\"><img loading=\"lazy\" decoding=\"async\" width=\"1024\" height=\"768\" src=\"http:\/\/www.jeruzalempuklavec.si\/wp-content\/uploads\/2024\/03\/428291963_783925400219710_7447433346976283426_n-1024x768.jpg\" alt=\"\" class=\"wp-image-214\" srcset=\"http:\/\/www.jeruzalempuklavec.si\/wp-content\/uploads\/2024\/03\/428291963_783925400219710_7447433346976283426_n-1024x768.jpg 1024w, http:\/\/www.jeruzalempuklavec.si\/wp-content\/uploads\/2024\/03\/428291963_783925400219710_7447433346976283426_n-300x225.jpg 300w, http:\/\/www.jeruzalempuklavec.si\/wp-content\/uploads\/2024\/03\/428291963_783925400219710_7447433346976283426_n.jpg 2000w\" sizes=\"(max-width: 1024px) 100vw, 1024px\" \/><\/figure>\n\n\n\n<figure class=\"wp-block-image size-large\"><img loading=\"lazy\" decoding=\"async\" width=\"1024\" height=\"768\" src=\"http:\/\/www.jeruzalempuklavec.si\/wp-content\/uploads\/2024\/03\/428292772_282306218207725_5521965036453032612_n-1024x768.jpg\" alt=\"\" class=\"wp-image-217\" srcset=\"http:\/\/www.jeruzalempuklavec.si\/wp-content\/uploads\/2024\/03\/428292772_282306218207725_5521965036453032612_n-1024x768.jpg 1024w, http:\/\/www.jeruzalempuklavec.si\/wp-content\/uploads\/2024\/03\/428292772_282306218207725_5521965036453032612_n-300x225.jpg 300w, http:\/\/www.jeruzalempuklavec.si\/wp-content\/uploads\/2024\/03\/428292772_282306218207725_5521965036453032612_n-2000x1500.jpg 2000w, http:\/\/www.jeruzalempuklavec.si\/wp-content\/uploads\/2024\/03\/428292772_282306218207725_5521965036453032612_n.jpg 2048w\" sizes=\"(max-width: 1024px) 100vw, 1024px\" \/><\/figure>\n\n\n\n<figure class=\"wp-block-image size-large\"><img loading=\"lazy\" decoding=\"async\" width=\"1024\" height=\"768\" src=\"http:\/\/www.jeruzalempuklavec.si\/wp-content\/uploads\/2024\/03\/428115302_1607844083289715_8005472609809158887_n-1024x768.jpg\" alt=\"\" class=\"wp-image-215\" srcset=\"http:\/\/www.jeruzalempuklavec.si\/wp-content\/uploads\/2024\/03\/428115302_1607844083289715_8005472609809158887_n-1024x768.jpg 1024w, http:\/\/www.jeruzalempuklavec.si\/wp-content\/uploads\/2024\/03\/428115302_1607844083289715_8005472609809158887_n-300x225.jpg 300w, http:\/\/www.jeruzalempuklavec.si\/wp-content\/uploads\/2024\/03\/428115302_1607844083289715_8005472609809158887_n-2000x1500.jpg 2000w, http:\/\/www.jeruzalempuklavec.si\/wp-content\/uploads\/2024\/03\/428115302_1607844083289715_8005472609809158887_n.jpg 2048w\" sizes=\"(max-width: 1024px) 100vw, 1024px\" \/><\/figure>\n\n\n\n<figure class=\"wp-block-image size-large\"><img loading=\"lazy\" decoding=\"async\" width=\"1024\" height=\"768\" src=\"http:\/\/www.jeruzalempuklavec.si\/wp-content\/uploads\/2024\/03\/428047746_1089542595696624_5648310496447896545_n-1024x768.jpg\" alt=\"\" class=\"wp-image-231\" srcset=\"http:\/\/www.jeruzalempuklavec.si\/wp-content\/uploads\/2024\/03\/428047746_1089542595696624_5648310496447896545_n-1024x768.jpg 1024w, http:\/\/www.jeruzalempuklavec.si\/wp-content\/uploads\/2024\/03\/428047746_1089542595696624_5648310496447896545_n-300x225.jpg 300w, http:\/\/www.jeruzalempuklavec.si\/wp-content\/uploads\/2024\/03\/428047746_1089542595696624_5648310496447896545_n-2000x1500.jpg 2000w, http:\/\/www.jeruzalempuklavec.si\/wp-content\/uploads\/2024\/03\/428047746_1089542595696624_5648310496447896545_n.jpg 2048w\" sizes=\"(max-width: 1024px) 100vw, 1024px\" \/><\/figure>\n\n\n\n<figure class=\"wp-block-image size-large\"><img loading=\"lazy\" decoding=\"async\" width=\"684\" height=\"1024\" src=\"http:\/\/www.jeruzalempuklavec.si\/wp-content\/uploads\/2024\/03\/428247203_925197005733536_6712881245807186000_n-1-684x1024.jpg\" alt=\"\" class=\"wp-image-233\" srcset=\"http:\/\/www.jeruzalempuklavec.si\/wp-content\/uploads\/2024\/03\/428247203_925197005733536_6712881245807186000_n-1-684x1024.jpg 684w, http:\/\/www.jeruzalempuklavec.si\/wp-content\/uploads\/2024\/03\/428247203_925197005733536_6712881245807186000_n-1-200x300.jpg 200w, http:\/\/www.jeruzalempuklavec.si\/wp-content\/uploads\/2024\/03\/428247203_925197005733536_6712881245807186000_n-1.jpg 720w\" sizes=\"(max-width: 684px) 100vw, 684px\" \/><\/figure>\n\n\n\n<figure class=\"wp-block-image size-large\"><img loading=\"lazy\" decoding=\"async\" width=\"1024\" height=\"683\" src=\"http:\/\/www.jeruzalempuklavec.si\/wp-content\/uploads\/2024\/03\/428115295_759576662897089_8232408774877782313_n-1024x683.jpg\" alt=\"\" class=\"wp-image-232\" srcset=\"http:\/\/www.jeruzalempuklavec.si\/wp-content\/uploads\/2024\/03\/428115295_759576662897089_8232408774877782313_n-1024x683.jpg 1024w, http:\/\/www.jeruzalempuklavec.si\/wp-content\/uploads\/2024\/03\/428115295_759576662897089_8232408774877782313_n-300x200.jpg 300w, http:\/\/www.jeruzalempuklavec.si\/wp-content\/uploads\/2024\/03\/428115295_759576662897089_8232408774877782313_n-600x400.jpg 600w, http:\/\/www.jeruzalempuklavec.si\/wp-content\/uploads\/2024\/03\/428115295_759576662897089_8232408774877782313_n.jpg 1079w\" sizes=\"(max-width: 1024px) 100vw, 1024px\" \/><\/figure>\n<\/figure>\n<\/div>\n<\/div>\n<\/div>\n<\/div><\/div>\n","protected":false},"excerpt":{"rendered":"<p>Majhna vas na obrobju Slovenije, kjer pridelujemo ena najbolj\u0161ih belih vin in vas ob njih tudi razvajamo. Le kdo ne pozna vasice po imenu Jeruzalem, od koder prihajajo znana vina jeruzalemsko ormo\u0161kih goric? Tam so na\u0161i predniki zasadili trte, ki jih na\u0161a dru\u017eina danes z ljubeznijo neguje, ob tem pa vas razvaja tudi s \u0161tirimi &hellip; <\/p>\n<p class=\"link-more\"><a href=\"http:\/\/www.jeruzalempuklavec.si\/\" class=\"more-link\">Read more<span class=\"screen-reader-text\"> &#8220;Zasavci&#8221;<\/span><\/a><\/p>\n","protected":false},"author":1,"featured_media":0,"parent":0,"menu_order":0,"comment_status":"closed","ping_status":"closed","template":"","meta":{"footnotes":"","inspiro_hide_title":false},"yoast_head":"<!-- This site is optimized with the Yoast SEO plugin v23.5 - https:\/\/yoast.com\/wordpress\/plugins\/seo\/ -->\n<title>Zasavci - Turisti\u010dna kmetija Puklavec<\/title>\n<meta name=\"robots\" content=\"index, follow, max-snippet:-1, max-image-preview:large, max-video-preview:-1\" \/>\n<link rel=\"canonical\" href=\"http:\/\/www.jeruzalempuklavec.si\/\" \/>\n<meta property=\"og:locale\" content=\"sl_SI\" \/>\n<meta property=\"og:type\" content=\"article\" \/>\n<meta property=\"og:title\" content=\"Zasavci - Turisti\u010dna kmetija Puklavec\" \/>\n<meta property=\"og:description\" content=\"Majhna vas na obrobju Slovenije, kjer pridelujemo ena najbolj\u0161ih belih vin in vas ob njih tudi razvajamo. Le kdo ne pozna vasice po imenu Jeruzalem, od koder prihajajo znana vina jeruzalemsko ormo\u0161kih goric? Tam so na\u0161i predniki zasadili trte, ki jih na\u0161a dru\u017eina danes z ljubeznijo neguje, ob tem pa vas razvaja tudi s \u0161tirimi &hellip; Read more &quot;Zasavci&quot;\" \/>\n<meta property=\"og:url\" content=\"http:\/\/www.jeruzalempuklavec.si\/\" \/>\n<meta property=\"og:site_name\" content=\"Turisti\u010dna kmetija Puklavec\" \/>\n<meta property=\"article:publisher\" content=\"https:\/\/www.facebook.com\/turisticnakmetija.puklavec\/?locale=sl_SI\" \/>\n<meta property=\"article:modified_time\" content=\"2024-03-03T20:52:13+00:00\" \/>\n<meta property=\"og:image\" content=\"http:\/\/www.jeruzalempuklavec.si\/wp-content\/uploads\/2024\/03\/path1-1024x671.png\" \/>\n<meta name=\"twitter:card\" content=\"summary_large_image\" \/>\n<script type=\"application\/ld+json\" class=\"yoast-schema-graph\">{\"@context\":\"https:\/\/schema.org\",\"@graph\":[{\"@type\":\"WebPage\",\"@id\":\"http:\/\/www.jeruzalempuklavec.si\/\",\"url\":\"http:\/\/www.jeruzalempuklavec.si\/\",\"name\":\"Zasavci - Turisti\u010dna kmetija Puklavec\",\"isPartOf\":{\"@id\":\"http:\/\/www.jeruzalempuklavec.si\/#website\"},\"primaryImageOfPage\":{\"@id\":\"http:\/\/www.jeruzalempuklavec.si\/#primaryimage\"},\"image\":{\"@id\":\"http:\/\/www.jeruzalempuklavec.si\/#primaryimage\"},\"thumbnailUrl\":\"http:\/\/www.jeruzalempuklavec.si\/wp-content\/uploads\/2024\/03\/path1-1024x671.png\",\"datePublished\":\"2024-03-03T18:41:35+00:00\",\"dateModified\":\"2024-03-03T20:52:13+00:00\",\"breadcrumb\":{\"@id\":\"http:\/\/www.jeruzalempuklavec.si\/#breadcrumb\"},\"inLanguage\":\"sl-SI\",\"potentialAction\":[{\"@type\":\"ReadAction\",\"target\":[\"http:\/\/www.jeruzalempuklavec.si\/\"]}]},{\"@type\":\"ImageObject\",\"inLanguage\":\"sl-SI\",\"@id\":\"http:\/\/www.jeruzalempuklavec.si\/#primaryimage\",\"url\":\"http:\/\/www.jeruzalempuklavec.si\/wp-content\/uploads\/2024\/03\/path1.png\",\"contentUrl\":\"http:\/\/www.jeruzalempuklavec.si\/wp-content\/uploads\/2024\/03\/path1.png\",\"width\":1117,\"height\":732},{\"@type\":\"BreadcrumbList\",\"@id\":\"http:\/\/www.jeruzalempuklavec.si\/#breadcrumb\",\"itemListElement\":[{\"@type\":\"ListItem\",\"position\":1,\"name\":\"Home\",\"item\":\"http:\/\/www.jeruzalempuklavec.si\/\"},{\"@type\":\"ListItem\",\"position\":2,\"name\":\"Zasavci\"}]},{\"@type\":\"WebSite\",\"@id\":\"http:\/\/www.jeruzalempuklavec.si\/#website\",\"url\":\"http:\/\/www.jeruzalempuklavec.si\/\",\"name\":\"Turisti\u010dna kmetija Puklavec\",\"description\":\"Vina, preno\u010di&scaron;\u010da, oddih, kulinarika\",\"publisher\":{\"@id\":\"http:\/\/www.jeruzalempuklavec.si\/#organization\"},\"potentialAction\":[{\"@type\":\"SearchAction\",\"target\":{\"@type\":\"EntryPoint\",\"urlTemplate\":\"http:\/\/www.jeruzalempuklavec.si\/?s={search_term_string}\"},\"query-input\":{\"@type\":\"PropertyValueSpecification\",\"valueRequired\":true,\"valueName\":\"search_term_string\"}}],\"inLanguage\":\"sl-SI\"},{\"@type\":\"Organization\",\"@id\":\"http:\/\/www.jeruzalempuklavec.si\/#organization\",\"name\":\"Turisti\u010dna kmetija Puklavec\",\"url\":\"http:\/\/www.jeruzalempuklavec.si\/\",\"logo\":{\"@type\":\"ImageObject\",\"inLanguage\":\"sl-SI\",\"@id\":\"http:\/\/www.jeruzalempuklavec.si\/#\/schema\/logo\/image\/\",\"url\":\"http:\/\/www.jeruzalempuklavec.si\/wp-content\/uploads\/2023\/05\/puklavec.png\",\"contentUrl\":\"http:\/\/www.jeruzalempuklavec.si\/wp-content\/uploads\/2023\/05\/puklavec.png\",\"width\":1722,\"height\":862,\"caption\":\"Turisti\u010dna kmetija Puklavec\"},\"image\":{\"@id\":\"http:\/\/www.jeruzalempuklavec.si\/#\/schema\/logo\/image\/\"},\"sameAs\":[\"https:\/\/www.facebook.com\/turisticnakmetija.puklavec\/?locale=sl_SI\"]}]}<\/script>\n<!-- \/ Yoast SEO plugin. -->","yoast_head_json":{"title":"Zasavci - Turisti\u010dna kmetija Puklavec","robots":{"index":"index","follow":"follow","max-snippet":"max-snippet:-1","max-image-preview":"max-image-preview:large","max-video-preview":"max-video-preview:-1"},"canonical":"http:\/\/www.jeruzalempuklavec.si\/","og_locale":"sl_SI","og_type":"article","og_title":"Zasavci - Turisti\u010dna kmetija Puklavec","og_description":"Majhna vas na obrobju Slovenije, kjer pridelujemo ena najbolj\u0161ih belih vin in vas ob njih tudi razvajamo. Le kdo ne pozna vasice po imenu Jeruzalem, od koder prihajajo znana vina jeruzalemsko ormo\u0161kih goric? Tam so na\u0161i predniki zasadili trte, ki jih na\u0161a dru\u017eina danes z ljubeznijo neguje, ob tem pa vas razvaja tudi s \u0161tirimi &hellip; Read more \"Zasavci\"","og_url":"http:\/\/www.jeruzalempuklavec.si\/","og_site_name":"Turisti\u010dna kmetija Puklavec","article_publisher":"https:\/\/www.facebook.com\/turisticnakmetija.puklavec\/?locale=sl_SI","article_modified_time":"2024-03-03T20:52:13+00:00","og_image":[{"url":"http:\/\/www.jeruzalempuklavec.si\/wp-content\/uploads\/2024\/03\/path1-1024x671.png"}],"twitter_card":"summary_large_image","schema":{"@context":"https:\/\/schema.org","@graph":[{"@type":"WebPage","@id":"http:\/\/www.jeruzalempuklavec.si\/","url":"http:\/\/www.jeruzalempuklavec.si\/","name":"Zasavci - Turisti\u010dna kmetija Puklavec","isPartOf":{"@id":"http:\/\/www.jeruzalempuklavec.si\/#website"},"primaryImageOfPage":{"@id":"http:\/\/www.jeruzalempuklavec.si\/#primaryimage"},"image":{"@id":"http:\/\/www.jeruzalempuklavec.si\/#primaryimage"},"thumbnailUrl":"http:\/\/www.jeruzalempuklavec.si\/wp-content\/uploads\/2024\/03\/path1-1024x671.png","datePublished":"2024-03-03T18:41:35+00:00","dateModified":"2024-03-03T20:52:13+00:00","breadcrumb":{"@id":"http:\/\/www.jeruzalempuklavec.si\/#breadcrumb"},"inLanguage":"sl-SI","potentialAction":[{"@type":"ReadAction","target":["http:\/\/www.jeruzalempuklavec.si\/"]}]},{"@type":"ImageObject","inLanguage":"sl-SI","@id":"http:\/\/www.jeruzalempuklavec.si\/#primaryimage","url":"http:\/\/www.jeruzalempuklavec.si\/wp-content\/uploads\/2024\/03\/path1.png","contentUrl":"http:\/\/www.jeruzalempuklavec.si\/wp-content\/uploads\/2024\/03\/path1.png","width":1117,"height":732},{"@type":"BreadcrumbList","@id":"http:\/\/www.jeruzalempuklavec.si\/#breadcrumb","itemListElement":[{"@type":"ListItem","position":1,"name":"Home","item":"http:\/\/www.jeruzalempuklavec.si\/"},{"@type":"ListItem","position":2,"name":"Zasavci"}]},{"@type":"WebSite","@id":"http:\/\/www.jeruzalempuklavec.si\/#website","url":"http:\/\/www.jeruzalempuklavec.si\/","name":"Turisti\u010dna kmetija Puklavec","description":"Vina, preno\u010di&scaron;\u010da, oddih, kulinarika","publisher":{"@id":"http:\/\/www.jeruzalempuklavec.si\/#organization"},"potentialAction":[{"@type":"SearchAction","target":{"@type":"EntryPoint","urlTemplate":"http:\/\/www.jeruzalempuklavec.si\/?s={search_term_string}"},"query-input":{"@type":"PropertyValueSpecification","valueRequired":true,"valueName":"search_term_string"}}],"inLanguage":"sl-SI"},{"@type":"Organization","@id":"http:\/\/www.jeruzalempuklavec.si\/#organization","name":"Turisti\u010dna kmetija Puklavec","url":"http:\/\/www.jeruzalempuklavec.si\/","logo":{"@type":"ImageObject","inLanguage":"sl-SI","@id":"http:\/\/www.jeruzalempuklavec.si\/#\/schema\/logo\/image\/","url":"http:\/\/www.jeruzalempuklavec.si\/wp-content\/uploads\/2023\/05\/puklavec.png","contentUrl":"http:\/\/www.jeruzalempuklavec.si\/wp-content\/uploads\/2023\/05\/puklavec.png","width":1722,"height":862,"caption":"Turisti\u010dna kmetija Puklavec"},"image":{"@id":"http:\/\/www.jeruzalempuklavec.si\/#\/schema\/logo\/image\/"},"sameAs":["https:\/\/www.facebook.com\/turisticnakmetija.puklavec\/?locale=sl_SI"]}]}},"featured_media_urls":[],"_links":{"self":[{"href":"http:\/\/www.jeruzalempuklavec.si\/index.php\/wp-json\/wp\/v2\/pages\/144"}],"collection":[{"href":"http:\/\/www.jeruzalempuklavec.si\/index.php\/wp-json\/wp\/v2\/pages"}],"about":[{"href":"http:\/\/www.jeruzalempuklavec.si\/index.php\/wp-json\/wp\/v2\/types\/page"}],"author":[{"embeddable":true,"href":"http:\/\/www.jeruzalempuklavec.si\/index.php\/wp-json\/wp\/v2\/users\/1"}],"replies":[{"embeddable":true,"href":"http:\/\/www.jeruzalempuklavec.si\/index.php\/wp-json\/wp\/v2\/comments?post=144"}],"version-history":[{"count":13,"href":"http:\/\/www.jeruzalempuklavec.si\/index.php\/wp-json\/wp\/v2\/pages\/144\/revisions"}],"predecessor-version":[{"id":235,"href":"http:\/\/www.jeruzalempuklavec.si\/index.php\/wp-json\/wp\/v2\/pages\/144\/revisions\/235"}],"wp:attachment":[{"href":"http:\/\/www.jeruzalempuklavec.si\/index.php\/wp-json\/wp\/v2\/media?parent=144"}],"curies":[{"name":"wp","href":"https:\/\/api.w.org\/{rel}","templated":true}]}}